[INFO] cloning repository https://github.com/bassj/pit
[INFO] running `Command { std: "git" "-c" "credential.helper=" "-c" "credential.helper=/workspace/cargo-home/bin/git-credential-null" "clone" "--bare" "https://github.com/bassj/pit" "/workspace/cache/git-repos/https%3A%2F%2Fgithub.com%2Fbassj%2Fpit", kill_on_drop: false }`
[INFO] [stderr] Cloning into bare repository '/workspace/cache/git-repos/https%3A%2F%2Fgithub.com%2Fbassj%2Fpit'...
[INFO] running `Command { std: "git" "rev-parse" "HEAD", kill_on_drop: false }`
[INFO] [stdout] e52213f28f6543e4f9d51704d2c2e27ac74d04d7
[INFO] checking bassj/pit against master#af3c6e733a40e671550e0f0f5aeecaa13772ba56 for pr-74989
[INFO] running `Command { std: "git" "clone" "/workspace/cache/git-repos/https%3A%2F%2Fgithub.com%2Fbassj%2Fpit" "/workspace/builds/worker-5/source", kill_on_drop: false }`
[INFO] [stderr] Cloning into '/workspace/builds/worker-5/source'...
[INFO] [stderr] done.
[INFO] validating manifest of git repo https://github.com/bassj/pit on toolchain af3c6e733a40e671550e0f0f5aeecaa13772ba56
[INFO] running `Command { std: "/workspace/cargo-home/bin/cargo" "+af3c6e733a40e671550e0f0f5aeecaa13772ba56" "read-manifest" "--manifest-path" "Cargo.toml", kill_on_drop: false }`
[INFO] started tweaking git repo https://github.com/bassj/pit
[INFO] finished tweaking git repo https://github.com/bassj/pit
[INFO] tweaked toml for git repo https://github.com/bassj/pit written to /workspace/builds/worker-5/source/Cargo.toml
[INFO] crate git repo https://github.com/bassj/pit already has a lockfile, it will not be regenerated
[INFO] running `Command { std: "/workspace/cargo-home/bin/cargo" "+af3c6e733a40e671550e0f0f5aeecaa13772ba56" "fetch" "--locked" "--manifest-path" "Cargo.toml", kill_on_drop: false }`
[INFO] running `Command { std: "docker" "create" "-v" "/var/lib/crater-agent-workspace/builds/worker-5/target:/opt/rustwide/target:rw,Z" "-v" "/var/lib/crater-agent-workspace/builds/worker-5/source:/opt/rustwide/workdir:ro,Z" "-v" "/var/lib/crater-agent-workspace/cargo-home:/opt/rustwide/cargo-home:ro,Z" "-v" "/var/lib/crater-agent-workspace/rustup-home:/opt/rustwide/rustup-home:ro,Z" "-e" "SOURCE_DIR=/opt/rustwide/workdir" "-e" "CARGO_TARGET_DIR=/opt/rustwide/target" "-e" "CARGO_HOME=/opt/rustwide/cargo-home" "-e" "RUSTUP_HOME=/opt/rustwide/rustup-home" "-w" "/opt/rustwide/workdir" "-m" "1610612736" "--user" "0:0" "--network" "none" "rustops/crates-build-env@sha256:d92eaeed33fa75130ca1ee6c8a01d1ffb62bac859dfdfb3450e3e5d1c0146529" "/opt/rustwide/cargo-home/bin/cargo" "+af3c6e733a40e671550e0f0f5aeecaa13772ba56" "metadata" "--no-deps" "--format-version=1", kill_on_drop: false }`
[INFO] [stdout] 524ef2cfdf429921c18a86bd57cb1fc224e5ab8373ee5f829b3681a15bf9eb59
[INFO] [stderr] WARNING: Your kernel does not support swap limit capabilities or the cgroup is not mounted. Memory limited without swap.
[INFO] running `Command { std: "docker" "start" "-a" "524ef2cfdf429921c18a86bd57cb1fc224e5ab8373ee5f829b3681a15bf9eb59", kill_on_drop: false }`
[INFO] running `Command { std: "docker" "inspect" "524ef2cfdf429921c18a86bd57cb1fc224e5ab8373ee5f829b3681a15bf9eb59", kill_on_drop: false }`
[INFO] running `Command { std: "docker" "rm" "-f" "524ef2cfdf429921c18a86bd57cb1fc224e5ab8373ee5f829b3681a15bf9eb59", kill_on_drop: false }`
[INFO] [stdout] 524ef2cfdf429921c18a86bd57cb1fc224e5ab8373ee5f829b3681a15bf9eb59
[INFO] running `Command { std: "docker" "create" "-v" "/var/lib/crater-agent-workspace/builds/worker-5/target:/opt/rustwide/target:rw,Z" "-v" "/var/lib/crater-agent-workspace/builds/worker-5/source:/opt/rustwide/workdir:ro,Z" "-v" "/var/lib/crater-agent-workspace/cargo-home:/opt/rustwide/cargo-home:ro,Z" "-v" "/var/lib/crater-agent-workspace/rustup-home:/opt/rustwide/rustup-home:ro,Z" "-e" "SOURCE_DIR=/opt/rustwide/workdir" "-e" "CARGO_TARGET_DIR=/opt/rustwide/target" "-e" "CARGO_INCREMENTAL=0" "-e" "RUST_BACKTRACE=full" "-e" "RUSTFLAGS=--cap-lints=forbid" "-e" "CARGO_HOME=/opt/rustwide/cargo-home" "-e" "RUSTUP_HOME=/opt/rustwide/rustup-home" "-w" "/opt/rustwide/workdir" "-m" "1610612736" "--user" "0:0" "--network" "none" "rustops/crates-build-env@sha256:d92eaeed33fa75130ca1ee6c8a01d1ffb62bac859dfdfb3450e3e5d1c0146529" "/opt/rustwide/cargo-home/bin/cargo" "+af3c6e733a40e671550e0f0f5aeecaa13772ba56" "check" "--frozen" "--all" "--all-targets" "--message-format=json", kill_on_drop: false }`
[INFO] [stdout] 93fb471000af7b80c3532e3c58440cd806bd00e45984776291c5004c53a5136a
[INFO] [stderr] WARNING: Your kernel does not support swap limit capabilities or the cgroup is not mounted. Memory limited without swap.
[INFO] running `Command { std: "docker" "start" "-a" "93fb471000af7b80c3532e3c58440cd806bd00e45984776291c5004c53a5136a", kill_on_drop: false }`
[INFO] [stderr]     Checking pit v0.1.0 (/opt/rustwide/workdir)
[INFO] [stdout] warning: unused variable: `raw_response`
[INFO] [stdout]    --> src/http.rs:206:18
[INFO] [stdout]     |
[INFO] [stdout] 206 |     pub fn parse(raw_response: String) -> Response {
[INFO] [stdout]     |                  ^^^^^^^^^^^^ help: if this is intentional, prefix it with an underscore: `_raw_response`
[INFO] [stdout]     |
[INFO] [stdout]     = note: `#[warn(unused_variables)]` on by default
[INFO] [stdout] 
[INFO] [stdout] 
[INFO] [stdout] warning: unused variable: `raw_response`
[INFO] [stdout]    --> src/http.rs:206:18
[INFO] [stdout]     |
[INFO] [stdout] 206 |     pub fn parse(raw_response: String) -> Response {
[INFO] [stdout]     |                  ^^^^^^^^^^^^ help: if this is intentional, prefix it with an underscore: `_raw_response`
[INFO] [stdout]     |
[INFO] [stdout]     = note: `#[warn(unused_variables)]` on by default
[INFO] [stdout] 
[INFO] [stdout] 
[INFO] [stdout] warning: 1 warning emitted
[INFO] [stdout] 
[INFO] [stdout] 
[INFO] [stdout] warning: 1 warning emitted
[INFO] [stdout] 
[INFO] [stdout] 
[INFO] [stdout] error[E0369]: binary operation `==` cannot be applied to type `Request`
[INFO] [stdout]   --> tests/http.rs:43:9
[INFO] [stdout]    |
[INFO] [stdout] 43 |         assert_eq!(reconst_req, request);
[INFO] [stdout]    |         ^^^^^^^^^^^^^^^^^^^^^^^^^^^^^^^^^
[INFO] [stdout]    |         |
[INFO] [stdout]    |         Request
[INFO] [stdout]    |         Request
[INFO] [stdout]    |
[INFO] [stdout]    = note: this error originates in a macro (in Nightly builds, run with -Z macro-backtrace for more info)
[INFO] [stdout] 
[INFO] [stdout] 
[INFO] [stdout] error[E0277]: `Request` doesn't implement `Debug`
[INFO] [stdout]   --> tests/http.rs:43:9
[INFO] [stdout]    |
[INFO] [stdout] 43 |         assert_eq!(reconst_req, request);
[INFO] [stdout]    |         ^^^^^^^^^^^^^^^^^^^^^^^^^^^^^^^^^ `Request` cannot be formatted using `{:?}` because it doesn't implement `Debug`
[INFO] [stdout]    |
[INFO] [stdout]    = help: the trait `Debug` is not implemented for `Request`
[INFO] [stdout]    = note: required because of the requirements on the impl of `Debug` for `&Request`
[INFO] [stdout]    = note: required by `std::fmt::Debug::fmt`
[INFO] [stdout]    = note: this error originates in a macro (in Nightly builds, run with -Z macro-backtrace for more info)
[INFO] [stdout] 
[INFO] [stdout] 
[INFO] [stdout] error[E0277]: `Request` doesn't implement `Debug`
[INFO] [stdout]   --> tests/http.rs:43:9
[INFO] [stdout]    |
[INFO] [stdout] 43 |         assert_eq!(reconst_req, request);
[INFO] [stdout]    |         ^^^^^^^^^^^^^^^^^^^^^^^^^^^^^^^^^ `Request` cannot be formatted using `{:?}` because it doesn't implement `Debug`
[INFO] [stdout]    |
[INFO] [stdout]    = help: the trait `Debug` is not implemented for `Request`
[INFO] [stdout]    = note: required because of the requirements on the impl of `Debug` for `&Request`
[INFO] [stdout]    = note: required by `std::fmt::Debug::fmt`
[INFO] [stdout]    = note: this error originates in a macro (in Nightly builds, run with -Z macro-backtrace for more info)
[INFO] [stdout] 
[INFO] [stdout] 
[INFO] [stdout] error: aborting due to 3 previous errors
[INFO] [stdout] 
[INFO] [stdout] 
[INFO] [stdout] Some errors have detailed explanations: E0277, E0369.
[INFO] [stdout] 
[INFO] [stdout] For more information about an error, try `rustc --explain E0277`.
[INFO] [stdout] 
[INFO] [stderr] error: could not compile `pit`.
[INFO] [stderr] 
[INFO] [stderr] To learn more, run the command again with --verbose.
[INFO] running `Command { std: "docker" "inspect" "93fb471000af7b80c3532e3c58440cd806bd00e45984776291c5004c53a5136a", kill_on_drop: false }`
[INFO] running `Command { std: "docker" "rm" "-f" "93fb471000af7b80c3532e3c58440cd806bd00e45984776291c5004c53a5136a", kill_on_drop: false }`
[INFO] [stdout] 93fb471000af7b80c3532e3c58440cd806bd00e45984776291c5004c53a5136a
